+ 34*s**2 + 6*s - 33. Calculate x(34).
171
Let s(v) = -v**2 + 16*v - 66. Determine s(10).
-6
Let g(p) = -p**3 - 34*p**2 + 66*p - 40. Determine g(-36).
176
Let c(q) = 2*q**3 + 35*q**2 - 54*q + 6. Determine c(-19).
-51
Let i(b) = 2*b**2 - 36*b - 7. Calculate i(0).
-7
Let s(j) = j**2 + 31*j - 182. Give s(-36).
-2
Let g(r) = -320*r - 624. Determine g(-2).
16
Let c(w) = -w**3 - 220*w**2 + 201*w - 4440. Give c(-221).
-20
Let u(o) = -5*o**2 + 4*o + 14. Calculate u(3).
-19
Let c(z) = 21*z + 31. Calculate c(-3).
-32
Let r(d) = -119*d - 6185. What is r(-52)?
3
Let o(q) = q**2 - 40*q - 518. Give o(50).
-18
Let f(b) = -8*b**2 + 162*b - 14. Determine f(20).
26
Let h(g) = 2*g**2 - 29*g - 144. What is h(-4)?
4
Let z(m) = -24*m - 1144. What is z(-49)?
32
Let m(l) = 937*l - 15883. Determine m(17).
46
Let k(m) = -m**3 + 10*m**2 + 31*m + 59. Give k(11).
279
Let m(i) = -6*i**2 - 343*i + 1800. Calculate m(-62).
2
Let z(g) = 3*g - 37. What is z(-20)?
-97
Let y(l) = -l**2 - 73*l + 94. Give y(-75).
-56
Let a(d) = -31*d**2 + 1142*d + 197. What is a(37)?
12
Let t(q) = q**3 - 24*q**2 + 25*q + 5. What is t(23)?
51
Let f(l) = 152*l - 8518. What is f(56)?
-6
Let z(m) = 62*m + 172. What is z(-3)?
-14
Let u(m) = 3*m**2 + 2*m + 10. Determine u(-3).
31
Let t(h) = h**2 + 24*h + 55. Calculate t(-18).
-53
Let q(g) = -2*g**3 - 15*g**2 - 32*g + 18. Calculate q(-8).
338
Let f(c) = 8*c**2 + 184*c + 880. What is f(-5)?
160
Let r(h) = 14*h - 88. Calculate r(-1).
-102
Let t(z) = 105*z + 10387. Determine t(-99).
-8
Let s(v) = 56*v - 3534. Determine s(63).
-6
Let n(j) = -17*j + 196. Determine n(13).
-25
Let g(q) = 2*q + 129. What is g(-58)?
13
Let k(y) = y**3 - 38*y**2 + 149*y - 371. Determine k(34).
71
Let p(r) = -r**2 - 28*r + 68. Give p(-30).
8
Let z(n) = 3*n**2 + 43*n - 73. What is z(-15)?
-43
Let g(b) = b**3 + 40*b**2 - 78*b + 263. Calculate g(-42).
11
Let i(w) = w**3 + 5*w**2 - 7*w. Calculate i(2).
14
Let n(a) = 252*a**2 - 10*a + 9. Calculate n(1).
251
Let d(z) = -z**3 + 22*z**2 - 34*z + 740. Give d(22).
-8
Let p(t) = -26*t - 164. What is p(-7)?
18
Let i(z) = 51*z - 206. Give i(4).
-2
Let a(v) = -25*v**2 + 677*v - 59. Give a(27).
-5
Let n(r) = -50*r**2 + 6100*r + 5. Determine n(122).
5
Let a(v) = -93*v - 92. What is a(-1)?
1
Let m(i) = -685*i - 4794. What is m(-7)?
1
Let g(p) = 2*p**3 - 44*p**2 + 131*p + 46. What is g(18)?
-188
Let l(s) = -119*s**2 + 8*s - 7. What is l(1)?
-118
Let k(j) = 396*j - 367. Calculate k(1).
29
Let w(y) = -4*y**2 - 50*y + 18. Give w(-11).
84
Let q(a) = a**3 + 47*a**2 + 36*a + 5. Determine q(-46).
465
Let c(z) = 2*z**2 + 117*z - 105. Determine c(-49).
-1036
Let b(c) = -4*c**2 - 326*c - 2491. What is b(-73)?
-9
Let r(n) = -2*n**3 - 38*n**2 - 31*n - 25. Determine r(-18).
-115
Let q(a) = 15*a**3 - 75*a**2 + 35*a - 1. What is q(4)?
-101
Let s(v) = 2*v**3 - 11*v**2 + 10*v - 2. What is s(2)?
-10
Let o(a) = -6*a**2 + 6*a - 1. Calculate o(1).
-1
Let l(f) = -f**2 + 52*f - 107. What is l(49)?
40
Let m(u) = -u**3 + 98*u**2 + 97*u + 188. Calculate m(99).
-10
Let l(q) = -1251*q + 2612. Calculate l(2).
110
Let f(r) = -607*r + 2497. Determine f(4).
69
Let k(w) = -5*w**2 + 921*w - 1121. Give k(183).
-23
Let b(w) = -3*w**2 - 66*w + 76. Give b(-23).
7
Let n(o) = 12*o**2 - 72*o + 5. Calculate n(6).
5
Let u(d) = -35*d + 214. What is u(-6)?
424
Let x(z) = z**3 + 64*z**2 + 977*z - 41. Give x(-39).
-119
Let v(m) = -866*m + 6080. What is v(7)?
18
Let r(m) = m**3 - 21*m**2 - 475*m + 206. What is r(-14)?
-4
Let o(g) = -19*g + 43. Give o(-8).
195
Let c(u) = 45*u**3 + 10*u**2 - 10*u + 1. What is c(1)?
46
Let n(l) = l**3 - 8*l**2 - 147*l + 6. Calculate n(-10).
-324
Let d(c) = 105*c**2 + 2*c - 307. What is d(0)?
-307
Let w(l) = l**3 + 2*l**2 - 209*l - 180. Give w(-15).
30
Let u(d) = -d**2 - 13*d + 192. Calculate u(9).
-6
Let f(t) = 5*t**3 + 2*t**2 - 19*t - 1. What is f(3)?
95
Let h(r) = 2734*r. Give h(0).
0
Let g(i) = -2*i**2 - 86*i - 676. Determine g(-34).
-64
Let q(f) = 3*f**2 - 128*f + 431. Give q(39).
2
Let y(g) = -g**2 + 343*g + 2810. What is y(-8)?
2
Let a(c) = 40*c - 21. Calculate a(8).
299
Let l(v) = 11*v + 270. What is l(-21)?
39
Let b(n) = -68*n + 2739. What is b(40)?
19
Let q(n) = -8*n**2 - 231*n + 31. Calculate q(-29).
2
Let t(y) = -y**2 + 3*y - 15. Calculate t(-7).
-85
Let u(w) = 10*w - 69. What is u(-21)?
-279
Let c(n) = -5*n**2 - 133*n - 10. Calculate c(-26).
68
Let o(i) = -119*i**2 - 3095*i - 16. Calculate o(-26).
10
Let q(a) = 2265*a + 27158. Give q(-12).
-22
Let k(y) = 4*y**2 + 24*y - 79. What is k(-13)?
285
Let r(i) = 358*i + 53694. Calculate r(-150).
-6
Let f(a) = -169*a - 1042. What is f(-8)?
310
Let a(q) = -56*q + 2043. Calculate a(36).
27
Let p(u) = -u**3 - 21*u**2 + 100*u - 2. Calculate p(-25).
-2
Let v(r) = 45*r - 349. Give v(10).
101
Let s(w) = -24*w**2 + 743*w + 27. Determine s(31).
-4
Let n(x) = x**3 - 7*x**2 - 261*x - 21. What is n(-13)?
-8
Let d(n) = -n**2 + 81*n - 778. Determine d(47).
820
Let a(k) = -5*k**2 + 237*k + 117. Give a(48).
-27
Let s(m) = -4*m**2 - 134*m - 130. What is s(-33)?
-64
Let a(k) = -k**2 + 52*k + 1329. Calculate a(-19).
-20
Let n(t) = -213*t**2 + 1493*t. Determine n(7).
14
Let x(q) = 2*q**3 + 9*q**2 + 5*q + 198. What is x(-8)?
-290
Let h(d) = 2*d**2 - 35*d - 86. Give h(20).
14
Let g(f) = -114*f**2 - 6*f - 1. Calculate g(1).
-121
Let q(d) = 33*d**3 - 4*d**2 - 2*d + 5. Calculate q(-2).
-271
Let v(r) = -r**3 - 23*r**2 - 31*r + 208. Calculate v(-21).
-23
Let r(q) = q**3 - 18*q**2 - 105*q - 236. Determine r(23).
-6
Let w(a) = a**3 + 244*a**2 + 1191*a - 25. Determine w(-5).
-5
Let v(u) = 570*u - 2274. What is v(4)?
6
Let r(k) = -4*k + 334. What is r(86)?
-10
Let o(x) = x**3 + 34*x**2 - 119*x - 310. What is o(-37)?
-14
Let q(i) = -i**2 - 12*i - 60. Calculate q(0).
-60
Let r(w) = -408*w - 6532. Calculate r(-16).
-4
Let c(x) = -47*x + 413. What is c(10)?
-57
Let l(d) = -186*d - 4271. Give l(-23).
7
Let p(n) = -31*n**3 - 2*n**2 + 2*n + 2. Calculate p(2).
-250
Let w(a) = a**2 - 178*a + 7844. Give w(95).
-41
Let n(m) = -m**2 + 175*m - 673. Give n(171).
11
Let a(u) = 45*u**2 + 1174*u + 106. Calculate a(-26).
2
Let b(o) = -o**3 - 137*o**2 - 13*o + 16726. Give b(-136).
-2
Let q(y) = -8164*y + 73492. Calculate q(9).
16
Let n(z) = z**2 + 38*z - 17. What is n(-36)?
-89
Let o(n) = -n**3 + 38*n**2 - 229*n + 76. Give o(7).
-8
Let j(t) = 3*t**3 - 10*t**2 + 16*t - 54. Calculate j(4).
42
Let f(l) = -6*l**2 + 170*l + 233. Determine f(30).
-67
Let f(v) = v**2 + 38*v + 243. Give f(-28).
-37
Let g(p) = -527*p + 2720. Give g(5).
85
Let b(c) = -358*c + 3935. Determine b(11).
-3
Let z(i) = -106*i + 1573. Give z(15).
-17
Let s(u) = -66*u**2 - 2046*u - 2. Give s(-31).
-2
Let l(n) = -n**3 + 86*n**2 + 270*n - 3. What is l(-3)?
-12
Let r(b) = -354*b + 1059. What is r(3)?
-3
Let h(r) = -71*r**3 + 2*r**2 + 2*r. What is h(-1)?
71
Let f(m) = -98*m - 3836. Calculate f(-39).
-14
Let y(r) = r**3 - 11*r**2 - 31*r. What is y(13)?
-65
Let d(r) = -59*r + 1633. What is d(26)?
99
Let n(w) = 4*w + 163. Calculate n(-31).
39
Let u(m) = m**3 + 107*m**2 - 50*m - 27304. Determine u(-105).
-4
Let i(s) = -170*s**2 - 243*s - 4. Give i(-2).
-198
Let x(i) = i**3 - 22*i**2 + 109*i - 672. Give x(18).
-6
Let u(p) = 14*p + 831. What is u(-58)?
19
Let r(p) = p**2 + 10*p - 236. What is r(0)?
-236
Let g(y) = -y**3 - 38*y**2 - 73*y + 17. Determine g(-36).
53
Let g(f) = -1215*f**2 - 10935*f - 8. Give g(-9).
-8
Let h(z) = -z**3 - 13*z**2 - 18*z - 24. Determine h(-11).
-68
Let v(u) = u**3 + 16*u**2 - 97*u + 60. Give v(-21).
-108
Let k(g) = 13*g + 7. Calculate k(-5).
-58
Let n(g) = g**2 - 19*g + 62. Determine n(8).
-26
Let n(z) = -z**2 + 105*z - 2160. Determine n(77).
-4
Let k(d) = 93*d + 689. What is k(-8)?
-55
Let v(p) = -p**2 - 17*p + 65. What is v(-22)?
-45
Let l(n) = 21*n - 67. Calculate l(16).
269
Let i(a) = 5*a - 214. Calculate i(13).
-149
Let h(z) = 6*z**3 + 766*z**2 - 263*z - 242. Determine h(-128).
654
Let y(a) = a**3 + 47*a**2 + 207*a - 128. Determine y(-42).
-2
Let g(q) = q**2 + 1264*q + 126932. What is g(-110)?
-8
Let d(u) = -12*u - 373. What is d(-33)?
23
Let i(x) = x**3 - 8*x**2 + 25*x - 116. Give i(7).
10
Let b(y) = -y**3 - 88*y**2 - 170*y + 75. What is b(-86)?
-97
Let x(f) = f**2 + 541*f - 1082. What is x(2)?
4
Let x(t) = -16*t + 286. What is x(15)?
46
Let b(n) = -357*n**2 - 17*n + 17.